
-14
Evaluate -6 - (-4 - 5 - 6).
9
What is (13 + -4 - (2 - 0 - -4)) + 11?
14
Evaluate 10 + (14 - 27 - 5).
-8
What is -1794 - -1804 - (0 + 44)?
-34
What is the value of (-16 - -30) + 9 + -13?
10
What is the value of -22 - ((4 - -2) + (-15 - 8 - -16))?
-21
(-101 - -101) + (0 - 1)
-1
What is 18 + (0 + 0 - 29)?
-11
-4 + 9 + -5 + (0 - 7) - 12
-19
Calculate -3 + 0 - 19 - (-15 + 13 + -4).
-16
Evaluate 4 + -2 + -2 + 0 + (-1 - 13).
-14
Calculate -11 - (8 - (2 - (-5 + 0 + 1))).
-13
-83 - (-139 + 53) - (-10 - 0)
13
What is the value of -11 - (2 + -2 - (-12 - (-7 + -10)))?
-6
What is 0 + -5 + 1 + (-4 - -8) + -15?
-15
Evaluate -41 + 22 + 37 + -30.
-12
Calculate (-1 - -32 - ((-43 - 0) + 37)) + -2.
35
Evaluate -13 + 23 + 3 + (-19 - -24).
18
Calculate -11 - (-8 + (5 - -26)).
-34
What is 0 + -11 + 6 + (4 - 1) + 1?
-1
What is the value of 750 - 758 - (23 + -1)?
-30
What is 1 + -3 - 4 - (-1 + 2 + -11)?
4
What is the value of -22 - (0 - 8 - (-17 + 12))?
-19
Evaluate -14 - (-9 - (5 + -5 + -5)).
-10
Calculate 31 - (-41 + 34 - -17).
21
Evaluate 1 - (-4 - (5 + -5) - -4) - 1.
0
What is the value of 24 - 14 - 19 - (1 - 1 - 31)?
22
Calculate (31 - 29 - (1 - -1)) + -7.
-7
Calculate 13 - (15 - (21 - -6)).
25
What is the value of -13 - (12 - 8 - 2) - 2?
-17
What is the value of 7 + (-4 - 1) + 4 - -1?
7
Evaluate 23 + -58 + 26 - -8.
-1
Calculate 16 + -11 + (4 - 15).
-6
What is the value of (8 - 3) + 2 - 14?
-7
52 + -18 - 41 - 0
-7
What is the value of 12 - (3 - 5) - 9?
5
What is the value of 66 + 36 + -125 + (-5 - 0)?
-28
Calculate 6 + (6 - (11 + -5)) - (-4 - -8).
2
-10 + 0 + 13 - -29 - (1 - 1)
32
What is 8 - (15 + -18 - -8)?
3
Calculate -9 + 2 - -1 - (-33 - (15 - 30)).
12
7 - (-6 + (-5 - -7) - (5 - 21))
-5
(5 + 2 - -1) + -5 + 1
4
What is 8 + (-15 - -12 - -11) + (0 - 1)?
15
Evaluate 30 + (24 - 22) + -15.
17
Calculate -10 + 22 + (10 - (5 + (-6 - -33))).
-10
-29 + 21 + (-3 - (-3 + -2 + 1))
-7
What is (-1 - (-2 - -4) - 0) + 7?
4
What is -14 - ((-52 - -18) + 27)?
-7
Calculate -44 + -27 + 126 + -42.
13
What is the value of 9 - (5 - (9 + -15))?
-2
What is the value of -8 - (2 + -4 + -15 + (-2 - -3))?
8
What is the value of 12 - -3 - 9 - 6?
0
What is 32 + (-10 - 81) - -41?
-18
-16 - (5 + 0 + -30 + 15 + 14)
-20
What is (4 - 1 - 5) + (2 - 8)?
-8
Evaluate 10 - 10 - (0 - -3) - (0 + 3).
-6
What is -4 + (-15 - 2 - -11 - -14)?
4
Calculate 15 - (7 - (4 - -2) - (1 + -4)).
11
-18 - (11 - (4 + 30))
5
Evaluate (-5 - 1 - (7 + -32 - -18)) + -9.
-8
Calculate 1 + -21 + -1 + (884 - 867).
-4
Evaluate (11 - -2) + 20 + -49.
-16
Evaluate (-1 - (13 + -10)) + -1.
-5
46 + 8 - (-59 + 87)
26
What is the value of (2 - (4 + -2)) + (1114 - 1099)?
15
What is (-27 - (14 - 28)) + (-1 - -7)?
-7
-4 - (4 + (7 - (3 + 1)) - 9)
-2
Calculate (-13 - (-4 - -1) - -4) + 0 + 9.
3
What is the value of 1040 + -1023 + -42 + -1?
-26
Evaluate (-5 - (1 + 2)) + (1 - 4).
-11
What is the value of 3 - -6 - 2 - (3 + -2)?
6
Calculate (-10 - (-4 + -5)) + -1 + 1 + -5.
-6
8 + (-11 - (1 + 0))
-4
What is (46 - 9 - 7) + (-1 - 8)?
21
What is -23 - 9 - (6 - (5 + (6 - -5)))?
-22
What is 10 - (5 + -3) - (60 + -35)?
-17
10 - 0 - (2 - (11 + -10))
9
What is the value of -18 + 0 + 24 + (-13 - 4)?
-11
What is the value of -21 - (10 - (16 + 7))?
-8
What is the value of -2 - (-8 - -3) - (-4 - (-15 - -17))?
9
What is the value of 237 + -248 - (-18 - -1)?
6
(-14 - (-3 + -4 - (-25 + 19))) + -7
-20
9 + -21 + -11 + 32
9
Evaluate 27 + (-3 - 17) - (42 - 5).
-30
What is the value of (-16 - -3 - -11) + -12 + (1 - 0)?
-13
-116 + 108 - (-7 + 0)
-1
(2 - (3 + 8)) + -8
-17
Evaluate (-16 - (10 - (3 - -30))) + -2 + 20.
25
Calculate 14 + 21 - (13 - -42).
-20
Evaluate -10 - (8 + 0 + 0 + -6).
-12
What is the value of -2 - (2 - 3 - (6 - -1 - 6))?
0
What is 6 - (-15 + (-10 + 20 - 2))?
13
What is the value of 13 - (-5 + 12) - -1?
7
What is the value of (4 - (33 - 13 - (8 - -1))) + 34?
27
What is the value of (1 + 2 - 3) + 0 + (12 - 4)?
8
What is the value of -480 + 517 + -13 + 1?
25
Calculate 5 + (-7 - (3 + 3)) + 8 + 18.
18
Calculate -6 + 4 + (-9 + -9 + 8 - -6).
-6
What is the value of 11 + 4 + (-3 + 18 - (-12 + 9))?
33
(98 - 121) + -3 + 22
-4
Evaluate -6 + 3 + -1 + (7 - (28 + -24)).
-1
(7 - 2 - (-1 - (-12 + 0))) + 25
19
What is 0 - 4 - (-19 + -9 + 21)?
3
Evaluate -44 - (10 + 4 - 26 - (1 + -7)).
-38
(-10 - (-28 - (-13 + 2))) + -17
-10
Calculate 13 - (14 - 3 - 1).
3
What is -4 - (-2 - (22 - 11))?
9
What is 5 + -11 + (-19 - -12)?
-13
What is the value of 76 + (-11 - 55) - (0 + 0)?
10
2 - 2 - (-3 - -1 - (34 + -38))
-2
Evaluate -22 + 15 + -1 + -40 + 34.
-14
Calculate -21 - ((15 - 26) + 11).
-21
Evaluate 20 + (-2 - 2) + -8.
8
(-3 - -5) + -8 + 12 - (-8 + 10)
4
What is the value of 42 - 49 - (-8 + -2)?
3
-2 - (-4 + -5) - (-24 + 14)
17
What is the value of 4 + -2 + 4 + (7 + 4 - 11)?
6
Calculate (-7 + 0 - (-248 + 249)) + (7 - -1).
0
What is the value of (11 - 13) + (12 - 3)?
7
Evaluate -11 - (-4 + 1 + -28 + 35).
-15
-11 - (-14 - (6 + 4))
13
What is the value of -17 + (2 - -8) - -6 - (0 - -5)?
-6
Evaluate -18 - (22 + -5 + -31).
-4
What is 18 + (-18 + -2 - -16 - -10)?
24
(0 + -33 + 17 - 4) + -10
-30
-17 - (-12 + (8 - 6) - 2 - 0)
-5
Calculate -7 - (5 + (1 - (21 - 5)) - -5).
-2
What is 1 + (22 - 1) - (1 + -5 - -11)?
15
What is the value of (10 + -17 - (1 + -3) - 1) + 7?
1
What is the value of 1 + -3 - (8 + -1 + -69 + 57)?
3
Calculate (-13 + 1 - (-99 - -108)) + 18.
-3
Calculate 4 - 10 - (6 + 1 + -2) - -3.
-8
What is 9 - ((-5 - -12) + -2)?
4
What is the value of 19 + -24 - (2 - 8 - 0)?
1
What is the value of (-1 - -5) + (328 - 280) - 13?
39
Calculate (-17 + 5 - (2 - (12 + -4))) + 3.
-3
-150 + 143 - (2 - -1 - (2 + -6))
-14
What is the value of 9 + -1 + -20 + 2 + (94 - 83)?
1
Evaluate -62 + 65 - (4 + -5 + (-3 - -2)).
5
Calculate -2 + -9 + 28 + -11 + 6 - -10.
22
Calculate 2 - (-10 + -1) - (-1050 + 1080).
-17
(2 + 3 - (4 - 2)) + -5
-2
What is the value of 13 - ((2 - 3) + (33 - 20 - 0))?
1
What is (1 - 0 - -8) + (8 + -4 - 0)?
13
(-8 - -2) + 145 + -147 - (0 + 9)
-17
Evaluate -11 + (5 - (8 + -11 + 0)).
-3
Evaluate -10 - (-22 + 16 + (-2 - 8)).
6
What is (26 - 16 - 10) + 10?
10
46 + -76 + 3 - -41
14
Evaluate -18 + -8 + -8 + 15 - -54.
35
What is (0 - 14) + -53 + 71?
4
What is the value of 32 - (41 - 9 - 14)?
14
Calculate 17 + 9 + -8 + -26 - 4.
-12
Evaluate -4 + -3 + (-19 - -31).
5
Calculate (-9 - 1) + 74 + -69 + -6.
-11
Evaluate -7 + 5 - (-7 - (1 - 0)) - 26.
-20
Evaluate (-1 - 10 - (-10 - (-3 - 9))) + 4.
-9
Calculate 18 + (-25 - -3 - -7).
3
-5 + (7 - (-1 + 16 + 0)) + 3
-10
Evaluate (6 + (-11 - -6) - -7) + 2.
10
-2 - -11 - (9 + (-11 - -57 - 10))
-36
Calculate -27 - (1 + 1 + -3 - (-155 - -156)).
-25
0 + -11 + (16 - 6)
-1
What is 33 + (34 - 71) + -15?
-19
Evaluate -9 + 7 + -9 + 0 - 4.
-15
What is 18 + 3 + -36 + -2?
-17
What is the value of (1 - -12) + (-25 - -21) + -9?
0
Calculate (0 - (5 - 10)) + 43 + -49.
-1
What is the value of -5 + 5 - (7 + -12 + 4 - -6)?
-5
What is 4 + (-16 - -21) - -2?
11
What is the value of (8 - 26) + 16 + 14 + -37?
-25
Evaluate 11 + 14 + -19 - 17.
-11
Calculate -7 + (-3 + 6 - 4) + 7.
-1
Calculate -8 + 4 - ((6 - 10 - 3) + -9).
12
-12 + -7 + (-1 - -5) + (0 - -3)
-12
-179 + 196 + (-3 - -1)
15
Calculate (50 - 47) + (-16 - -1) - (5 + -6).
-11
Calculate -5 - ((-14 - -14) + (3 - 3) - 1).
-4
What is the value of -23 + 22 + (0 - -1) - (2 - 16)?
14
(-4 - (5 + -9)) + 3
3
Calculate -2 + (-14 - -20) - (1 + -5).
8
What is (-29 - (34 + -9 - 8)) + 14?
-32
What is -818 + 822 - (-8 - -2)?
10
Evaluate (-16 - 0) + (14 - 2 - 15).
-19
Calculate 28 - (-2 + 10 + 8).
12
Evaluate -11 - (-2 - -2) - (34 + 0 + -15).
-30
Evaluate 17 + (2 - 13) + -19.
-13
Calculate 8 + (-7 - 22 - -15) + 27.
21
24 + (7 - 13) - (8 + -2)
12
-216 + 224 + -16 + 1
-7
Evaluate -9 + (-9 + 4 - -1) + -2.
-15
Evaluate -2 - -7 - ((16 - (3 - -8)) + 9).
-9
What is -29 + (1 - -2) + (8 - (-13 - -24))?
-29
Evaluate -1 - 3 - (20 - (10 + 21)).
7
What is the value of 8 - (-1 - 0) - (-703 + 722)?
-10
What is -3996 + 3990 + (1 + 0 - 15)?
-20
(5 - (11 - 13)) + -5 + -14 + 15
3
What is the value of (-112 - -122) + ((2 - 3) + -1 - -3)?
11
What is the value of 0 - 1 - (-59 + 59 - (1 + 3))?
3
What is the value of -11 - -5 - (-21 + 7 - (-3 - 0))?
5
Evaluate -5 - -61 - 27 - 35.
-6
Calculate 10 + 2 + -5 + 1 + (10 - 2).
16
What is (-19 - -26) + (-2 -